Calculate the remainder when d(98) is divided by 76.
7
Let r(u) = -154*u**3 - 7*u**2 - 16*u - 11. What is the remainder when r(-2) is divided by 206?
195
Suppose 62*d - 27*d = 525. What is the remainder when 310 is divided by d?
10
Let t = -1543 + 4597. What is the remainder when t is divided by 47?
46
Suppose 4*o - f = 1364, -o = f - 2*f - 341. Suppose 4*s - 12 = 104. What is the remainder when o is divided by s?
22
Suppose -z = -4*z + 213. Let w(p) = 3*p**2 - 55*p + 47. Let f be w(16). Let m = z + f. What is the remainder when 40 is divided by m?
4
Suppose -4*h = 4*n + 32, 901*h - 906*h - 68 = n. Suppose -o = 2*o - 537. What is the remainder when o is divided by n?
4
Suppose -i - 606 = -3*t, -t - 5*i - 606 = -4*t. What is the remainder when t is divided by (17 - 1)*(-9)/24*-2?
10
Let d(c) be the first derivative of -c**4/4 - 5*c**3 - 9*c**2 - 39*c + 50. Let a be d(-14). Let t = -8 + a. Calculate the remainder when 69 is divided by t.
6
Let x = 880 + -166. What is the remainder when x is divided by 11?
10
Suppose 319 = 3*q + 4*c, 52*q = 54*q - 2*c - 194. What is the remainder when 504 is divided by q?
100
Suppose -53*b + 88 = -99*b + 57*b. What is the remainder when 2/(2/13) - -1 is divided by b?
6
Let o = -221 - -230. Let y = 150 - o. What is the remainder when y is divided by 29?
25
Let t = 59 - 34. Let c be 22 - (27 + -6) - (1 - -16). Let m = t + c. Calculate the remainder when 43 is divided by m.
7
Let c = -22 - -117. Suppose 418*i - 430*i + 312 = 0. Calculate the remainder when c is divided by i.
17
Let k(s) = -16*s + 80. What is the remainder when k(-12) is divided by 5?
2
Suppose 4*m = -4*d + 156, -2*d + 515 - 409 = -2*m. Calculate the remainder when 314 is divided by d.
38
Suppose 265*v - 192*v = 6862. Calculate the remainder when 14568 is divided by v.
92
Let w = 117 - -108. Suppose 0 = -5*k + 10*k - w. Calculate the remainder when k is divided by 18.
9
Let l = 3935 + -3899. Let n(b) = 2*b - 1. Let a be n(5). Let x = 19 - a. Calculate the remainder when l is divided by x.
6
Suppose 43*p = 44*p - 42. Suppose -6*w + p = 12. Suppose -5*f + 5*r = -65, 3*f - w*r - 34 = -r. What is the remainder when f is divided by 7?
4
Suppose 7*q = 5*q + 4. Suppose -3*t = -2*n + 207, -q*n + 2*t = -28 - 178. Let p = n - 96. Calculate the remainder when 26 is divided by p.
2
Suppose -6*l = -l - 30. Let z be 1/((-3)/l) - -3*38. Let p = z + -32. Calculate the remainder when p is divided by 41.
39
Let b be (2*24)/(-5 + 6). Let o(s) = -s**2 - 3*s + 18. Let x be o(-9). Let v = x + b. Calculate the remainder when 55 is divided by v.
7
Suppose -3*r - 7*i + 9*i + 3682 = 0, 2448 = 2*r - 3*i. Calculate the remainder when r is divided by 267.
162
Suppose 686 = -16*x - 1458. Let k = -134 - x. Let r(t) = t**3 + 2*t**2 + t + 40. Calculate the remainder when r(k) is divided by 15.
10
Suppose 4*b - 124 = h, -4*b - 4*h + 112 = -2*h. Suppose -2520 = 16*j - 7928. Suppose 0 = -2*c + 18 + j. Calculate the remainder when c is divided by b.
28
Let q(n) = 2*n**2 + 16*n + 10. Let z be q(-10). Let d = 55 - z. Let a = -18 + 23. Calculate the remainder when d is divided by a.
0
Let q(x) = -2100*x**2 + 2106*x**2 + x**3 - 7 - 4*x + 0*x**3. Let k = -119 - -168. What is the remainder when k is divided by q(-6)?
15
Calculate the remainder when 843 - -10*4/20 is divided by 141.
140
Let u(k) = -k**2 - 28*k - 37. Let o(t) = -t**3 - 13*t**2 - 42*t - 36. What is the remainder when u(-20) is divided by o(-9)?
15
What is the remainder when ((28/56)/(5/860))/1 is divided by -1*(45*-2)/3?
26
Let d = -1758 - -1811. Calculate the remainder when 133 is divided by d.
27
Calculate the remainder when (-20 + 19)/(8346/8348 + -1) is divided by 8.
6
Let w = -8 + 12. Suppose 0*p - 2*a = 2*p - 90, 0 = 4*p - w*a - 148. Calculate the remainder when p is divided by (-140)/(-24) - (-3)/18.
5
Let c(k) = -278*k + 1187. What is the remainder when 95 is divided by c(4)?
20
Calculate the remainder when -2 - ((-126)/(-45))/1*-325 is divided by 14.
12
Suppose 4*i - 123 - 53 - 36 = 0. Let x(t) = -t**2 + 15*t - 23. Calculate the remainder when i is divided by x(5).
26
Let o = 16 - 3. Let d(w) = -w**2 - w + 921. Calculate the remainder when d(29) is divided by o.
12
Suppose 122*a - 7492 + 985 = 6425. Calculate the remainder when 844 is divided by a.
102
Let b = 19 - 14. Suppose -j = -w - w + 2, -b*w = -20. Suppose j*v = 111 + 87. What is the remainder when 59 is divided by v?
26
What is the remainder when 89 is divided by ((-1290)/860)/(1/(-34))?
38
Let t = -299 + 320. Suppose -214 - 782 = -12*l. Calculate the remainder when l is divided by t.
20
Let o(c) = -c**3 - 10*c**2 + 31*c + 109. What is the remainder when o(-13) is divided by 39?
18
Let w(h) = -16*h - h + 11 - 12 - h. What is the remainder when w(-3) is divided by (-22)/(-2) + (-48)/(-16)?
11
Let v = 41 + -25. Suppose p = v + 22. Suppose 3*i + p = 4*i. What is the remainder when i is divided by 14?
10
Let g(h) = h**3 - 8*h**2 - 4*h + 188. What is the remainder when g(8) is divided by (-2 + -5 + -1)*-4?
28
Let q(g) = -6*g**3 - 4*g**2 + 8*g + 34. Suppose -29 = -9*l - 56. Calculate the remainder when q(l) is divided by 24.
16
Let y(g) = -39*g - 6. Let a = -31557 - -31586. What is the remainder when y(-6) is divided by a?
25
Suppose 29 - 103 = -2*f. Suppose 2*b = 3*g + 74, b - f = 2*g - g. Let k(j) = -7*j - 56. Calculate the remainder when b is divided by k(-11).
16
Suppose -15*r = 2*r - 8993. Suppose 5*x + 149 = r. Let p(w) = 2*w**3 - 4*w - 1. Calculate the remainder when x is divided by p(3).
35
What is the remainder when ((-33 + 26)*2/6)/((-5)/795) is divided by 132?
107
Let q(s) = 2904686 - 2904686 + 31*s. Let v be 2/(4/(4/2)). Calculate the remainder when 91 is divided by q(v).
29
Let x = -5 - -23. Let k = 49 - 43. Suppose k*i = 39 - 15. What is the remainder when x is divided by i?
2
Suppose -45 = -2*h - 5*z, -z - 2255 + 2273 = h. What is the remainder when 4393 is divided by h?
13
Suppose 18 = -z - 0. Let y = 76 + z. What is the remainder when y is divided by -3*(-102)/9 - 3?
27
Let a = -119 + 121. Suppose -4*d + a*y = -22, -2*d = 2*y - 1 - 13. Suppose -44 = -2*k - 2*v, 0*k + 34 = k + 5*v. Calculate the remainder when k is divided by d.
1
Let p(w) = 458*w**2 - 55*w + 1. Let u be p(3). Suppose 0 = 24*n + u - 13414. Calculate the remainder when n is divided by 79.
78
Let k = -19374 + 19739. What is the remainder when k is divided by 86?
21
Calculate the remainder when 131 is divided by 104/6 + (-16 + 3)*18/(-351).
5
Suppose 38 - 2438 = -96*f. Calculate the remainder when 641 is divided by f.
16
Let f(v) = v - 7. Let d(n) = -n + 5. Let y(i) = -5*d(i) - 6*f(i). Let x = -5 + 8. Calculate the remainder when y(-2) is divided by x.
1
Let a be (-196)/(-6) - ((-24)/18 - -3). Suppose 3*o + a - 64 = 0. Calculate the remainder when 23 is divided by o.
1
Let f = 82 + -61. Let a(p) = -p**3 + 9*p**2 + 4*p + 5. Suppose 5*n - 36 = n. Calculate the remainder when a(n) is divided by f.
20
Let h = -1341 + 1350. Let n = -6 - -41. Calculate the remainder when n is divided by h.
8
Let a = -101627 + 101646. Let s(v) = -27*v - 1. What is the remainder when s(-2) is divided by a?
15
Let r be ((-1824)/(-84) - 10) + 4/14. Suppose 18*w - r*w - 384 = 0. Calculate the remainder when 447 is divided by w.
63
Let u = 1965 - 1613. What is the remainder when u is divided by 67?
17
Let x(g) = 5*g**2 + 14*g - 84. Let q be x(7). What is the remainder when 4 is divided by (q/74)/(7/4)?
0
Suppose 17*u = 11*u + 18. Suppose u*m + 5*k - 138 = -m, -4*k = 2*m - 72. What is the remainder when 60 is divided by m?
28
Let y = 685 - 594. Suppose h + 4*d = 22 + 6, -3*h + 2*d + 70 = 0. What is the remainder when y is divided by h?
19
Let i be (4/10)/((203/(-210))/(-29)). Suppose -i*t + 8*t = -148. What is the remainder when 111 is divided by t?
0
Let x = 147 - 68. Suppose a - 3 = 0, -6*a + 3*a = 2*m - x. Suppose y - 5*y = 5*b - 47, 5*y + 3*b = 62. What is the remainder when m is divided by y?
9
Let k be -3 + (-94)/(-6) + 6/(-9). Let s be 6/k - 36/8. Calculate the remainder when 199 is divided by 34 - (3 + s)*-1 - 4.
25
Let y(o) be the second derivative of -o**5/20 + 2*o**4 - 43*o**3/6 - o**2 - 7*o. What is the remainder when 68 is divided by y(22)?
8
Calculate the remainder when 590 is divided by (15 - 846/1